{"id":147,"date":"2019-07-21T14:57:57","date_gmt":"2019-07-21T12:57:57","guid":{"rendered":"https:\/\/baerenzwinger.berlin\/en\/?page_id=147"},"modified":"2025-07-14T12:37:40","modified_gmt":"2025-07-14T10:37:40","slug":"imprint","status":"publish","type":"page","link":"https:\/\/baerenzwinger.berlin\/en\/imprint\/","title":{"rendered":"Imprint"},"content":{"rendered":"\n<div class=\"wp-block-columns has-2-columns is-layout-flex wp-container-core-columns-is-layout-9d6595d7 wp-block-columns-is-layout-flex\">\n<div class=\"wp-block-column is-layout-flow wp-block-column-is-layout-flow\">\n<div class=\"wp-block-columns has-2-columns is-layout-flex wp-container-core-columns-is-layout-9d6595d7 wp-block-columns-is-layout-flex\">\n<div class=\"wp-block-column is-layout-flow wp-block-column-is-layout-flow\">\n<p><\/p>\n<\/div>\n\n\n\n<div class=\"wp-block-column is-layout-flow wp-block-column-is-layout-flow\">\n<p>Imprint<\/p>\n\n\n\n<p>Bezirksamt Mitte von Berlin<br>Gesch\u00e4ftsbereich Bezirksb\u00fcrgermeisterin:<br>Stefanie Remlinger <br><br>Amt f\u00fcr Weiterbildung und Kultur<br>Amtsleitung:<br>Dr. Lale Bezahdi<br><br>Mathilde-Jacob-Platz 1<br>10551 Berlin <br><br>Fachbereich Kunst, Kultur und Geschichte <br>Fachbereichsleitung:<br>Dr. Ute M\u00fcller-Tischler <br>   <br>Tel.: (030) 9018-33451<br>Fax: (030) 9018-488 33451<br><a href=\"http:\/\/www.berlin.de\/kunst-und-kultur-mitte\/\" data-type=\"URL\" data-id=\"http:\/\/www.berlin.de\/kunst-und-kultur-mitte\/\">http:\/\/www.berlin.de\/kunst-und-kultur-mitte\/<\/a> <\/p>\n\n\n\n<figure class=\"wp-block-image size-large\"><img loading=\"lazy\" decoding=\"async\" width=\"1024\" height=\"597\" src=\"https:\/\/baerenzwinger.berlin\/en\/wp-content\/uploads\/sites\/2\/2023\/10\/B_BA_W_MI_Logo_DE_V_PT_RGB-1024x597.png\" alt=\"\" class=\"wp-image-2205\" srcset=\"https:\/\/baerenzwinger.berlin\/en\/wp-content\/uploads\/sites\/2\/2023\/10\/B_BA_W_MI_Logo_DE_V_PT_RGB-1024x597.png 1024w, https:\/\/baerenzwinger.berlin\/en\/wp-content\/uploads\/sites\/2\/2023\/10\/B_BA_W_MI_Logo_DE_V_PT_RGB-600x350.png 600w, https:\/\/baerenzwinger.berlin\/en\/wp-content\/uploads\/sites\/2\/2023\/10\/B_BA_W_MI_Logo_DE_V_PT_RGB-768x448.png 768w, https:\/\/baerenzwinger.berlin\/en\/wp-content\/uploads\/sites\/2\/2023\/10\/B_BA_W_MI_Logo_DE_V_PT_RGB-1536x896.png 1536w, https:\/\/baerenzwinger.berlin\/en\/wp-content\/uploads\/sites\/2\/2023\/10\/B_BA_W_MI_Logo_DE_V_PT_RGB-2048x1194.png 2048w, https:\/\/baerenzwinger.berlin\/en\/wp-content\/uploads\/sites\/2\/2023\/10\/B_BA_W_MI_Logo_DE_V_PT_RGB-333x194.png 333w\" sizes=\"auto, (max-width: 1024px) 100vw, 1024px\" \/><\/figure>\n\n\n\n<p><br><\/p>\n\n\n\n<p><br><\/p>\n<\/div>\n<\/div>\n<\/div>\n\n\n\n<div class=\"wp-block-column is-layout-flow wp-block-column-is-layout-flow\">\n<div class=\"wp-block-columns has-2-columns is-layout-flex wp-container-core-columns-is-layout-9d6595d7 wp-block-columns-is-layout-flex\">\n<div class=\"wp-block-column is-layout-flow wp-block-column-is-layout-flow\">\n<p>Verantwortlich f\u00fcr den Inhalt auf dieser Internetseite gem\u00e4\u00df \u00a75 TMG [Telemediengesetz] im Auftrag&nbsp;Dr. Ute M\u00fcller-Tischler, Vanessa G\u00f6ppner<br><\/p>\n<\/div>\n\n\n\n<div class=\"wp-block-column is-layout-flow wp-block-column-is-layout-flow\">\n<p>Haftungshinweis:<br>Diese Website wurde mit gr\u00f6\u00dftm\u00f6glicher Sorgfalt erstellt. Trotzdem kann keine Gew\u00e4hr f\u00fcr die Fehlerfreiheit und Genauigkeit der enthaltenen Informationen \u00fcbernommen werden. Jegliche Haftung f\u00fcr Sch\u00e4den, die direkt oder indirekt aus der Benutzung dieser Website entstehen, wird ausgeschlossen. Sofern von dieser Website auf Internetseiten verwiesen wird, die von Dritten betrieben werden, \u00fcbernimmt der Anbieter keine Verantwortung f\u00fcr deren Inhalte.<br><\/p>\n\n\n\n<p>Fotos:<br>Die Nutzungsrechte liegen (wenn nicht anders ausgewiesen) bei den K\u00fcnstler*innen oder dem Fachbereich Kunst und Kultur.<\/p>\n\n\n\n<p><a href=\"https:\/\/kultur-mitte.de\/impressum-und-datenschutzerklaerung\/\" data-type=\"URL\" data-id=\"https:\/\/kultur-mitte.de\/impressum-und-datenschutzerklaerung\/\">Datenschutz<\/a><\/p>\n<\/div>\n<\/div>\n\n\n\n<p><\/p>\n<\/div>\n<\/div>\n","protected":false},"excerpt":{"rendered":"<p>Imprint Bezirksamt Mitte von BerlinGesch\u00e4ftsbereich Bezirksb\u00fcrgermeisterin:Stefanie Remlinger Amt f\u00fcr Weiterbildung und KulturAmtsleitung:Dr. Lale Bezahdi Mathilde-Jacob-Platz 110551 Berlin Fachbereich Kunst, Kultur und Geschichte Fachbereichsleitung:Dr. Ute M\u00fcller-Tischler Tel.: (030) 9018-33451Fax: (030) 9018-488 33451http:\/\/www.berlin.de\/kunst-und-kultur-mitte\/ Verantwortlich f\u00fcr den Inhalt auf dieser Internetseite gem\u00e4\u00df \u00a75 TMG [Telemediengesetz] im Auftrag&nbsp;Dr. Ute M\u00fcller-Tischler, Vanessa G\u00f6ppner Haftungshinweis:Diese Website wurde mit gr\u00f6\u00dftm\u00f6glicher Sorgfalt erstellt. [&hellip;]<\/p>\n","protected":false},"author":2,"featured_media":0,"parent":0,"menu_order":0,"comment_status":"closed","ping_status":"closed","template":"","meta":{"_acf_changed":false,"footnotes":""},"categories":[],"class_list":["post-147","page","type-page","status-publish","hentry"],"acf":[],"_links":{"self":[{"href":"https:\/\/baerenzwinger.berlin\/en\/wp-json\/wp\/v2\/pages\/147","targetHints":{"allow":["GET"]}}],"collection":[{"href":"https:\/\/baerenzwinger.berlin\/en\/wp-json\/wp\/v2\/pages"}],"about":[{"href":"https:\/\/baerenzwinger.berlin\/en\/wp-json\/wp\/v2\/types\/page"}],"author":[{"embeddable":true,"href":"https:\/\/baerenzwinger.berlin\/en\/wp-json\/wp\/v2\/users\/2"}],"replies":[{"embeddable":true,"href":"https:\/\/baerenzwinger.berlin\/en\/wp-json\/wp\/v2\/comments?post=147"}],"version-history":[{"count":18,"href":"https:\/\/baerenzwinger.berlin\/en\/wp-json\/wp\/v2\/pages\/147\/revisions"}],"predecessor-version":[{"id":3135,"href":"https:\/\/baerenzwinger.berlin\/en\/wp-json\/wp\/v2\/pages\/147\/revisions\/3135"}],"wp:attachment":[{"href":"https:\/\/baerenzwinger.berlin\/en\/wp-json\/wp\/v2\/media?parent=147"}],"wp:term":[{"taxonomy":"category","embeddable":true,"href":"https:\/\/baerenzwinger.berlin\/en\/wp-json\/wp\/v2\/categories?post=147"}],"curies":[{"name":"wp","href":"https:\/\/api.w.org\/{rel}","templated":true}]}}

<div class="wp-block-columns has-2-columns is-layout-flex wp-container-core-columns-is-layout-9d6595d7 wp-block-columns-is-layout-flex">
<div class="wp-block-column is-layout-flow wp-block-column-is-layout-flow">
<div class="wp-block-columns has-2-columns is-layout-flex wp-container-core-columns-is-layout-9d6595d7 wp-block-columns-is-layout-flex">
<div class="wp-block-column is-layout-flow wp-block-column-is-layout-flow">
<p></p>
</div>



<div class="wp-block-column is-layout-flow wp-block-column-is-layout-flow">
<p>Imprint</p>



<p>Bezirksamt Mitte von Berlin<br>Geschäftsbereich Bezirksbürgermeisterin:<br>Stefanie Remlinger <br><br>Amt für Weiterbildung und Kultur<br>Amtsleitung:<br>Dr. Lale Bezahdi<br><br>Mathilde-Jacob-Platz 1<br>10551 Berlin <br><br>Fachbereich Kunst, Kultur und Geschichte <br>Fachbereichsleitung:<br>Dr. Ute Müller-Tischler <br>   <br>Tel.: (030) 9018-33451<br>Fax: (030) 9018-488 33451<br><a href="http://www.berlin.de/kunst-und-kultur-mitte/" data-type="URL" data-id="http://www.berlin.de/kunst-und-kultur-mitte/">http://www.berlin.de/kunst-und-kultur-mitte/</a> </p>



<figure class="wp-block-image size-large"><img loading="lazy" decoding="async" width="1024" height="597" src="https://baerenzwinger.berlin/en/wp-content/uploads/sites/2/2023/10/B_BA_W_MI_Logo_DE_V_PT_RGB-1024x597.png" alt="" class="wp-image-2205" srcset="https://baerenzwinger.berlin/en/wp-content/uploads/sites/2/2023/10/B_BA_W_MI_Logo_DE_V_PT_RGB-1024x597.png 1024w, https://baerenzwinger.berlin/en/wp-content/uploads/sites/2/2023/10/B_BA_W_MI_Logo_DE_V_PT_RGB-600x350.png 600w, https://baerenzwinger.berlin/en/wp-content/uploads/sites/2/2023/10/B_BA_W_MI_Logo_DE_V_PT_RGB-768x448.png 768w, https://baerenzwinger.berlin/en/wp-content/uploads/sites/2/2023/10/B_BA_W_MI_Logo_DE_V_PT_RGB-1536x896.png 1536w, https://baerenzwinger.berlin/en/wp-content/uploads/sites/2/2023/10/B_BA_W_MI_Logo_DE_V_PT_RGB-2048x1194.png 2048w, https://baerenzwinger.berlin/en/wp-content/uploads/sites/2/2023/10/B_BA_W_MI_Logo_DE_V_PT_RGB-333x194.png 333w" sizes="auto, (max-width: 1024px) 100vw, 1024px" /></figure>



<p><br></p>



<p><br></p>
</div>
</div>
</div>



<div class="wp-block-column is-layout-flow wp-block-column-is-layout-flow">
<div class="wp-block-columns has-2-columns is-layout-flex wp-container-core-columns-is-layout-9d6595d7 wp-block-columns-is-layout-flex">
<div class="wp-block-column is-layout-flow wp-block-column-is-layout-flow">
<p>Verantwortlich für den Inhalt auf dieser Internetseite gemäß §5 TMG [Telemediengesetz] im Auftrag&nbsp;Dr. Ute Müller-Tischler, Vanessa Göppner<br></p>
</div>



<div class="wp-block-column is-layout-flow wp-block-column-is-layout-flow">
<p>Haftungshinweis:<br>Diese Website wurde mit größtmöglicher Sorgfalt erstellt. Trotzdem kann keine Gewähr für die Fehlerfreiheit und Genauigkeit der enthaltenen Informationen übernommen werden. Jegliche Haftung für Schäden, die direkt oder indirekt aus der Benutzung dieser Website entstehen, wird ausgeschlossen. Sofern von dieser Website auf Internetseiten verwiesen wird, die von Dritten betrieben werden, übernimmt der Anbieter keine Verantwortung für deren Inhalte.<br></p>



<p>Fotos:<br>Die Nutzungsrechte liegen (wenn nicht anders ausgewiesen) bei den Künstler*innen oder dem Fachbereich Kunst und Kultur.</p>



<p><a href="https://kultur-mitte.de/impressum-und-datenschutzerklaerung/" data-type="URL" data-id="https://kultur-mitte.de/impressum-und-datenschutzerklaerung/">Datenschutz</a></p>
</div>
</div>



<p></p>
</div>
</div>

<p>Imprint Bezirksamt Mitte von BerlinGeschäftsbereich Bezirksbürgermeisterin:Stefanie Remlinger Amt für Weiterbildung und KulturAmtsleitung:Dr. Lale Bezahdi Mathilde-Jacob-Platz 110551 Berlin Fachbereich Kunst, Kultur und Geschichte Fachbereichsleitung:Dr. Ute Müller-Tischler Tel.: (030) 9018-33451Fax: (030) 9018-488 33451http://www.berlin.de/kunst-und-kultur-mitte/ Verantwortlich für den Inhalt auf dieser Internetseite gemäß §5 TMG [Telemediengesetz] im Auftrag&nbsp;Dr. Ute Müller-Tischler, Vanessa Göppner Haftungshinweis:Diese Website wurde mit größtmöglicher Sorgfalt erstellt. [&hellip;]</p>
