{"id":1396,"date":"2022-01-01T19:31:48","date_gmt":"2022-01-01T18:31:48","guid":{"rendered":"https:\/\/baerenzwinger.berlin\/en\/?page_id=1396"},"modified":"2022-01-01T19:56:10","modified_gmt":"2022-01-01T18:56:10","slug":"publication","status":"publish","type":"page","link":"https:\/\/baerenzwinger.berlin\/en\/exhibitions\/publication\/","title":{"rendered":"Publication"},"content":{"rendered":"\n<div class=\"wp-block-columns has-2-columns is-layout-flex wp-container-core-columns-is-layout-8f761849 wp-block-columns-is-layout-flex\">\n<div class=\"wp-block-column is-layout-flow wp-block-column-is-layout-flow\">\n<div class=\"wp-block-columns has-2-columns is-layout-flex wp-container-core-columns-is-layout-8f761849 wp-block-columns-is-layout-flex\">\n<div class=\"wp-block-column is-layout-flow wp-block-column-is-layout-flow\">\n<p class=\"wp-block-paragraph\"><\/p>\n<\/div>\n\n\n\n<div class=\"wp-block-column is-layout-flow wp-block-column-is-layout-flow\">\n<p class=\"wp-block-paragraph\">B\u00e4renzwinger Berlin | Traces \u2013 Architectures \u2013 Projections<\/p>\n<\/div>\n<\/div>\n\n\n\n<div class=\"wp-block-columns has-2-columns is-layout-flex wp-container-core-columns-is-layout-8f761849 wp-block-columns-is-layout-flex\">\n<div class=\"wp-block-column is-layout-flow wp-block-column-is-layout-flow\">\n<p class=\"wp-block-paragraph\"><\/p>\n<\/div>\n\n\n\n<div class=\"wp-block-column is-layout-flow wp-block-column-is-layout-flow\">\n<figure class=\"wp-block-image size-large\"><img decoding=\"async\" src=\"https:\/\/baerenzwinger.berlin\/wp-content\/uploads\/2021\/11\/Publikation_BrenzwingerBerlin_SpurenArchitekturenProjektionen_CreditFachbereichKunstundKulturBAMitte-768x1024.jpg\" alt=\"\" class=\"wp-image-1640\"\/><figcaption>[Graphik Design] Viktor Schmidt<\/figcaption><\/figure>\n<\/div>\n<\/div>\n<\/div>\n\n\n\n<div class=\"wp-block-column is-layout-flow wp-block-column-is-layout-flow\">\n<div class=\"wp-block-columns has-2-columns is-layout-flex wp-container-core-columns-is-layout-8f761849 wp-block-columns-is-layout-flex\">\n<div class=\"wp-block-column is-layout-flow wp-block-column-is-layout-flow\">\n<p class=\"wp-block-paragraph\">Book Launch<br>03\/22\/2019, 7pm<br><br>Welcome<br>Dr. Ute M\u00fcller-Tischler<br>Head of Department Art and Culture<\/p>\n\n\n\n<p class=\"wp-block-paragraph\">About the book<br>Evelyn Gregel, Julia Heunemann and Viktor Schmidt<\/p>\n<\/div>\n\n\n\n<div class=\"wp-block-column is-layout-flow wp-block-column-is-layout-flow\">\n<p class=\"wp-block-paragraph\">Editor: Bezirksamt Mitte von Berlin, Department of Art and Culture, Dr. Ute M\u00fcller-Tischler<\/p>\n\n\n\n<p class=\"wp-block-paragraph\">Design: <a href=\"http:\/\/viktorschmidt.co\/\">Viktor Schmidt<\/a>, Berlin<\/p>\n\n\n\n<p class=\"wp-block-paragraph\">ISBN 978-3-7356-0563-4<br>17,00 x 24,00 cm, 152 Pages<br>49 colored and 7 b\/w illustrations<br>Hardcover, bound<br>Languages: German, English<br>Publisher: <a href=\"https:\/\/www.kerberverlag.com\/de\/\">Kerber Verlag<br>With kind support of the Senat Administration for Culture and Europe Berlin, Cross-disciplinary funding.<\/a><\/p>\n<\/div>\n<\/div>\n<\/div>\n<\/div>\n\n\n\n<div class=\"wp-block-columns has-2-columns is-layout-flex wp-container-core-columns-is-layout-8f761849 wp-block-columns-is-layout-flex\">\n<div class=\"wp-block-column is-layout-flow wp-block-column-is-layout-flow\">\n<div class=\"wp-block-columns has-2-columns is-layout-flex wp-container-core-columns-is-layout-8f761849 wp-block-columns-is-layout-flex\">\n<div class=\"wp-block-column is-layout-flow wp-block-column-is-layout-flow\">\n<p class=\"wp-block-paragraph\"><\/p>\n<\/div>\n\n\n\n<div class=\"wp-block-column is-layout-flow wp-block-column-is-layout-flow\">\n<p class=\"wp-block-paragraph\">At the end of the exhibition programme &#8220;Traces &#8211; Architectures &#8211; Projections&#8221;, which took place from September 2017 to January 2019 at Berlin&#8217;s B\u00e4renzwinger, the catalogue of the project will now be published with a comprehensive documentation of the exhibitions and events.<\/p>\n\n\n\n<p class=\"wp-block-paragraph\">The former animal enclosure at K\u00f6llnischer Park housed several generations of brown bears for about eighty years and has been open since September 2017 as a space for site-specific art.<\/p>\n<\/div>\n<\/div>\n<\/div>\n\n\n\n<div class=\"wp-block-column is-layout-flow wp-block-column-is-layout-flow\">\n<div class=\"wp-block-columns has-2-columns is-layout-flex wp-container-core-columns-is-layout-8f761849 wp-block-columns-is-layout-flex\">\n<div class=\"wp-block-column is-layout-flow wp-block-column-is-layout-flow\">\n<p class=\"wp-block-paragraph\">The publication &#8220;B\u00e4renzwinger Berlin | Traces \u2013 Architectures \u2013 Projections&#8221; documents the sensitive transformation of the B\u00e4renzwinger, whose contemporary exhibition programme examined the particular historical and architectural features of the location from an artistic perspective. The book also includes contributions from the symposium on the bear pit, which took place at M\u00e4rkisches Museum in October 2018 and brought together artistic, scientific, and urban positions to discuss the past, present, and future use, function, and significance of the site.<\/p>\n<\/div>\n\n\n\n<div class=\"wp-block-column is-layout-flow wp-block-column-is-layout-flow\">\n<p class=\"wp-block-paragraph\">Artists:<br>Katharina B\u00e9vand, Natalie Czech, Mariechen Danz, EASTER, Andreas Greiner, Kerstin Honeit, Miriam Jonas, KAYA, Anne-Sophie Kneer, Julia K\u00f6nig, Alaa Abdullatif, Linda Kuhn, Alex Lebus, NEOZOON, P\u00e4tzug \/ Hertweck, Lawrence Power, Reto Pulfer, Johannes Paul Raether, Marten Schech, Sarah Ancelle Sch\u00f6nfeld, Mirjam Thomann, Alvaro Urbano<\/p>\n\n\n\n<p class=\"wp-block-paragraph\">Text by:<br>Stefan Aue, Sandra Bartoli, Ellen Blumenstein, Claudia Bosse, Dr. Hanna Engelmeier, Evelyn Gregel, Dr. Nele G\u00fcntheroth, Sebastian H\u00e4ger, Julia Heunemann, Anne H\u00f6lck, Dr. Sacha Kagan, Alexander Koch, Marie-Christin Lender, Dr. Constanze von Marlin, Dr. des. Christina Katharina May,&nbsp; Prof. Dr. Natascha Meuser, Dr. Ute M\u00fcller-Tischler, Jessica P\u00e1ez, Nadia Pilchowski, Dr. Christoph Rauhut, Sarah Sander, Nandita Vasanta, Christopher Weickenmeier, Hanns Lennart Wiesner, Sven Wirth, Dr. Imke Woelk<br><br>Editorial team:<br>Evelyn Gregel and Marie-Christin Lender<\/p>\n<\/div>\n<\/div>\n<\/div>\n<\/div>\n\n\n\n<div class=\"wp-block-columns is-layout-flex wp-container-core-columns-is-layout-8f761849 wp-block-columns-is-layout-flex\">\n<div class=\"wp-block-column is-layout-flow wp-block-column-is-layout-flow\"><\/div>\n\n\n\n<div class=\"wp-block-column is-layout-flow wp-block-column-is-layout-flow\"><\/div>\n\n\n\n<div class=\"wp-block-column is-layout-flow wp-block-column-is-layout-flow\"><\/div>\n<\/div>\n\n\n\n<div class=\"wp-block-columns is-layout-flex wp-container-core-columns-is-layout-8f761849 wp-block-columns-is-layout-flex\">\n<div class=\"wp-block-column is-layout-flow wp-block-column-is-layout-flow\"><\/div>\n<\/div>\n","protected":false},"excerpt":{"rendered":"<p>B\u00e4renzwinger Berlin | Traces \u2013 Architectures \u2013 Projections Book Launch03\/22\/2019, 7pm WelcomeDr. Ute M\u00fcller-TischlerHead of Department Art and Culture About the bookEvelyn Gregel, Julia Heunemann and Viktor Schmidt Editor: Bezirksamt Mitte von Berlin, Department of Art and Culture, Dr. Ute M\u00fcller-Tischler Design: Viktor Schmidt, Berlin ISBN 978-3-7356-0563-417,00 x 24,00 cm, 152 Pages49 colored and 7 [&hellip;]<\/p>\n","protected":false},"author":2,"featured_media":0,"parent":10,"menu_order":110,"comment_status":"closed","ping_status":"closed","template":"","meta":{"_acf_changed":false,"footnotes":""},"categories":[],"class_list":["post-1396","page","type-page","status-publish","hentry"],"acf":[],"_links":{"self":[{"href":"https:\/\/baerenzwinger.berlin\/en\/wp-json\/wp\/v2\/pages\/1396","targetHints":{"allow":["GET"]}}],"collection":[{"href":"https:\/\/baerenzwinger.berlin\/en\/wp-json\/wp\/v2\/pages"}],"about":[{"href":"https:\/\/baerenzwinger.berlin\/en\/wp-json\/wp\/v2\/types\/page"}],"author":[{"embeddable":true,"href":"https:\/\/baerenzwinger.berlin\/en\/wp-json\/wp\/v2\/users\/2"}],"replies":[{"embeddable":true,"href":"https:\/\/baerenzwinger.berlin\/en\/wp-json\/wp\/v2\/comments?post=1396"}],"version-history":[{"count":3,"href":"https:\/\/baerenzwinger.berlin\/en\/wp-json\/wp\/v2\/pages\/1396\/revisions"}],"predecessor-version":[{"id":1400,"href":"https:\/\/baerenzwinger.berlin\/en\/wp-json\/wp\/v2\/pages\/1396\/revisions\/1400"}],"up":[{"embeddable":true,"href":"https:\/\/baerenzwinger.berlin\/en\/wp-json\/wp\/v2\/pages\/10"}],"wp:attachment":[{"href":"https:\/\/baerenzwinger.berlin\/en\/wp-json\/wp\/v2\/media?parent=1396"}],"wp:term":[{"taxonomy":"category","embeddable":true,"href":"https:\/\/baerenzwinger.berlin\/en\/wp-json\/wp\/v2\/categories?post=1396"}],"curies":[{"name":"wp","href":"https:\/\/api.w.org\/{rel}","templated":true}]}}

<div class="wp-block-columns has-2-columns is-layout-flex wp-container-core-columns-is-layout-8f761849 wp-block-columns-is-layout-flex">
<div class="wp-block-column is-layout-flow wp-block-column-is-layout-flow">
<div class="wp-block-columns has-2-columns is-layout-flex wp-container-core-columns-is-layout-8f761849 wp-block-columns-is-layout-flex">
<div class="wp-block-column is-layout-flow wp-block-column-is-layout-flow">
<p class="wp-block-paragraph"></p>
</div>



<div class="wp-block-column is-layout-flow wp-block-column-is-layout-flow">
<p class="wp-block-paragraph">Bärenzwinger Berlin | Traces – Architectures – Projections</p>
</div>
</div>



<div class="wp-block-columns has-2-columns is-layout-flex wp-container-core-columns-is-layout-8f761849 wp-block-columns-is-layout-flex">
<div class="wp-block-column is-layout-flow wp-block-column-is-layout-flow">
<p class="wp-block-paragraph"></p>
</div>



<div class="wp-block-column is-layout-flow wp-block-column-is-layout-flow">
<figure class="wp-block-image size-large"><img decoding="async" src="https://baerenzwinger.berlin/wp-content/uploads/2021/11/Publikation_BrenzwingerBerlin_SpurenArchitekturenProjektionen_CreditFachbereichKunstundKulturBAMitte-768x1024.jpg" alt="" class="wp-image-1640"/><figcaption>[Graphik Design] Viktor Schmidt</figcaption></figure>
</div>
</div>
</div>



<div class="wp-block-column is-layout-flow wp-block-column-is-layout-flow">
<div class="wp-block-columns has-2-columns is-layout-flex wp-container-core-columns-is-layout-8f761849 wp-block-columns-is-layout-flex">
<div class="wp-block-column is-layout-flow wp-block-column-is-layout-flow">
<p class="wp-block-paragraph">Book Launch<br>03/22/2019, 7pm<br><br>Welcome<br>Dr. Ute Müller-Tischler<br>Head of Department Art and Culture</p>



<p class="wp-block-paragraph">About the book<br>Evelyn Gregel, Julia Heunemann and Viktor Schmidt</p>
</div>



<div class="wp-block-column is-layout-flow wp-block-column-is-layout-flow">
<p class="wp-block-paragraph">Editor: Bezirksamt Mitte von Berlin, Department of Art and Culture, Dr. Ute Müller-Tischler</p>



<p class="wp-block-paragraph">Design: <a href="http://viktorschmidt.co/">Viktor Schmidt</a>, Berlin</p>



<p class="wp-block-paragraph">ISBN 978-3-7356-0563-4<br>17,00 x 24,00 cm, 152 Pages<br>49 colored and 7 b/w illustrations<br>Hardcover, bound<br>Languages: German, English<br>Publisher: <a href="https://www.kerberverlag.com/de/">Kerber Verlag<br>With kind support of the Senat Administration for Culture and Europe Berlin, Cross-disciplinary funding.</a></p>
</div>
</div>
</div>
</div>



<div class="wp-block-columns has-2-columns is-layout-flex wp-container-core-columns-is-layout-8f761849 wp-block-columns-is-layout-flex">
<div class="wp-block-column is-layout-flow wp-block-column-is-layout-flow">
<div class="wp-block-columns has-2-columns is-layout-flex wp-container-core-columns-is-layout-8f761849 wp-block-columns-is-layout-flex">
<div class="wp-block-column is-layout-flow wp-block-column-is-layout-flow">
<p class="wp-block-paragraph"></p>
</div>



<div class="wp-block-column is-layout-flow wp-block-column-is-layout-flow">
<p class="wp-block-paragraph">At the end of the exhibition programme &#8220;Traces &#8211; Architectures &#8211; Projections&#8221;, which took place from September 2017 to January 2019 at Berlin&#8217;s Bärenzwinger, the catalogue of the project will now be published with a comprehensive documentation of the exhibitions and events.</p>



<p class="wp-block-paragraph">The former animal enclosure at Köllnischer Park housed several generations of brown bears for about eighty years and has been open since September 2017 as a space for site-specific art.</p>
</div>
</div>
</div>



<div class="wp-block-column is-layout-flow wp-block-column-is-layout-flow">
<div class="wp-block-columns has-2-columns is-layout-flex wp-container-core-columns-is-layout-8f761849 wp-block-columns-is-layout-flex">
<div class="wp-block-column is-layout-flow wp-block-column-is-layout-flow">
<p class="wp-block-paragraph">The publication &#8220;Bärenzwinger Berlin | Traces – Architectures – Projections&#8221; documents the sensitive transformation of the Bärenzwinger, whose contemporary exhibition programme examined the particular historical and architectural features of the location from an artistic perspective. The book also includes contributions from the symposium on the bear pit, which took place at Märkisches Museum in October 2018 and brought together artistic, scientific, and urban positions to discuss the past, present, and future use, function, and significance of the site.</p>
</div>



<div class="wp-block-column is-layout-flow wp-block-column-is-layout-flow">
<p class="wp-block-paragraph">Artists:<br>Katharina Bévand, Natalie Czech, Mariechen Danz, EASTER, Andreas Greiner, Kerstin Honeit, Miriam Jonas, KAYA, Anne-Sophie Kneer, Julia König, Alaa Abdullatif, Linda Kuhn, Alex Lebus, NEOZOON, Pätzug / Hertweck, Lawrence Power, Reto Pulfer, Johannes Paul Raether, Marten Schech, Sarah Ancelle Schönfeld, Mirjam Thomann, Alvaro Urbano</p>



<p class="wp-block-paragraph">Text by:<br>Stefan Aue, Sandra Bartoli, Ellen Blumenstein, Claudia Bosse, Dr. Hanna Engelmeier, Evelyn Gregel, Dr. Nele Güntheroth, Sebastian Häger, Julia Heunemann, Anne Hölck, Dr. Sacha Kagan, Alexander Koch, Marie-Christin Lender, Dr. Constanze von Marlin, Dr. des. Christina Katharina May,&nbsp; Prof. Dr. Natascha Meuser, Dr. Ute Müller-Tischler, Jessica Páez, Nadia Pilchowski, Dr. Christoph Rauhut, Sarah Sander, Nandita Vasanta, Christopher Weickenmeier, Hanns Lennart Wiesner, Sven Wirth, Dr. Imke Woelk<br><br>Editorial team:<br>Evelyn Gregel and Marie-Christin Lender</p>
</div>
</div>
</div>
</div>



<div class="wp-block-columns is-layout-flex wp-container-core-columns-is-layout-8f761849 wp-block-columns-is-layout-flex">
<div class="wp-block-column is-layout-flow wp-block-column-is-layout-flow"></div>



<div class="wp-block-column is-layout-flow wp-block-column-is-layout-flow"></div>



<div class="wp-block-column is-layout-flow wp-block-column-is-layout-flow"></div>
</div>



<div class="wp-block-columns is-layout-flex wp-container-core-columns-is-layout-8f761849 wp-block-columns-is-layout-flex">
<div class="wp-block-column is-layout-flow wp-block-column-is-layout-flow"></div>
</div>

<p>Bärenzwinger Berlin | Traces – Architectures – Projections Book Launch03/22/2019, 7pm WelcomeDr. Ute Müller-TischlerHead of Department Art and Culture About the bookEvelyn Gregel, Julia Heunemann and Viktor Schmidt Editor: Bezirksamt Mitte von Berlin, Department of Art and Culture, Dr. Ute Müller-Tischler Design: Viktor Schmidt, Berlin ISBN 978-3-7356-0563-417,00 x 24,00 cm, 152 Pages49 colored and 7 [&hellip;]</p>
